9) + -2 + (2 - -4)?
-1
What is the value of 0 + -1 + -4 + -108 + 106?
-7
What is the value of -7 + (13 + -2 - 4)?
0
What is the value of 2 + 3 + (0 - (2 + -2))?
5
Evaluate (33 - 30) + 4 + (3 - 4).
6
What is the value of 1 + (-2 - 1) - (-107 + 104)?
1
Calculate -15 - (2 + -6 + (-22 - -18)).
-7
Evaluate 3 - (-5 - (4 - 8)) - 3.
1
What is 0 - 13 - (-1 + -9)?
-3
Evaluate (5 - (3 - -4)) + -6.
-8
Calculate -3 + -4 + 7 + -1 + 0.
-1
What is the value of 2 - (-4 - -2) - (-2 - -1)?
5
What is 9 + -7 + -3 - (-1 - -1)?
-1
Evaluate 3 + -1 + -53 + 55 - 0.
4
Calculate 3 + (-4 - -1) + 3.
3
Evaluate 7 + 0 + -2 + -7 - 1.
-3
Evaluate 11 + (-1 + 2 - -1) - 7.
6
Evaluate (1 - (0 - 0)) + (-12 - -9).
-2
Evaluate 11 + 3 + (4 - 12) + 1.
7
Evaluate (-6 - (-1 - -2)) + 28 + -26.
-5
3 - 3 - (-36 + 41)
-5
What is the value of 2 - (-6 + 1 + 3)?
4
What is 42 + -36 - (-1 + 3 + 0)?
4
What is (-4 + -3 - -2) + 10?
5
Calculate -8 - ((4 + -5 - 3) + -1).
-3
What is the value of -10 + (-3 - -4) - -5?
-4
What is -1 - (-3 + (-4 - (0 - 5)))?
1
What is the value of (4 - -2) + -11 + 7 + -2?
0
Calculate (-2 - -3) + (6 - 4).
3
Evaluate -5 - -3 - (-8 - (10 + -21)).
-5
What is the value of (5 - (6 - 3)) + -3 - -2?
1
Calculate 3 - 1 - (3 + -1) - 2.
-2
11 + 4 - 7 - 7
1
Calculate -1 + -4 + -3 - -3.
-5
What is 2 + 0 - (-18 - -12) - 2?
6
Evaluate -4 - -7 - (-1 + 4).
0
(-12 - (-14 - -12)) + 12
2
Evaluate -10 + 6 - (3 + -5 + 0).
-2
What is the value of -2 - (1 + (7 - 5))?
-5
What is the value of (-3 - -4) + -3 + 4 + 2?
4
Evaluate (4 - 2) + 1 + (0 - -1).
4
Calculate (-6 - -4) + 10 - 3.
5
8 + (2 - (0 - -5))
5
3 - (-4 + 5 + 0 + -1)
3
Evaluate -6 + (17 - 6) - 3.
2
What is (-31 - -24) + 7 - (6 - 0)?
-6
Evaluate -3 - ((-2 - 1) + 2 - 2).
0
What is (1 + 2 + 1 - 6) + 2?
0
What is the value of 9 - (6 + (-6 - -6))?
3
-16 - -6 - (-3 - (-1 + 2))
-6
What is the value of ((2 - 4) + 5 - 5) + 0?
-2
Calculate 3 + 12 + -7 + (0 - -2).
10
What is the value of 7 + (-5 - 2) - 2?
-2
What is -3 - (-5 - (-5 - -2))?
-1
What is 0 - ((-1 - -1) + (-9 - -8))?
1
What is the value of 5 + 0 - (-4 - (17 - 18))?
8
3 + (-1 - (-2 - -1)) + -9
-6
(1 - 2 - 0) + (10 - 3)
6
-6 - (3 - (19 - 6))
4
What is the value of -3 + (7 - 6 - (-2 + 2))?
-2
What is (-6 - (-6 + -1)) + -4?
-3
What is the value of 0 + (-8 - (2 - 6))?
-4
What is the value of -3 - -4 - -4 - (7 - 4)?
2
Evaluate 104 + -97 - (2 + -1).
6
What is the value of 2 + (5 - (-4 + 6)) + -12?
-7
Calculate -1 + -1 - (-1 + 3 - 0).
-4
Calculate 0 + (0 - 0) + -1.
-1
What is the value of 2 - (3 + 1 - 0)?
-2
What is -8 + (-17 - -22) + -1 + 0?
-4
What is the value of 1 + 1 - (-4 + 1 - -6)?
-1
What is 6 - 1 - (-9 + 12)?
2
Evaluate (-1 - -12) + -123 + 114.
2
-16 + (22 - -2) + (1 - -1)
10
What is the value of (-12 - -1) + 21 + -12 + -9?
-11
Evaluate -1 + 7 + -2 + 0.
4
What is the value of 3 - 0 - (-3 - -7)?
-1
What is 0 - -3 - (-3 - (-2 - 2))?
2
What is 0 + -3 + (-3 + 4 - 1)?
-3
Calculate -1 + 3 + 0 - (1 - -1).
0
What is 4 - (1 - (0 + -1 + 1))?
3
Calculate 3 - (2 + -3 + 2 - 2).
4
Evaluate -17 + 4 + 2 + -1 - -4.
-8
What is the value of -1 - -5 - (0 + (-11 - -13))?
2
What is the value of 5 + 2 + -1 + 2 + -6?
2
What is 8 - (-1 - 2) - 6?
5
What is -1 + 1 + (1 - 2)?
-1
-5 - (-14 - -9 - (-7 - 0))
-7
What is the value of 1 + 10 - (18 + -9)?
2
Evaluate (-12 - 0) + 2 - (0 - 5).
-5
What is -1 - -7 - 2 - 3?
1
What is the value of -2 - (-8 + (-8 - -9))?
5
Calculate -8 + 15 + 3 + -4.
6
What is (1 - 9) + (-52 - -67)?
7
What is the value of -1 + -4 - (4 + -6)?
-3
What is 3 + -1 - (-4 + 10)?
-4
Calculate -3 - (10 - (-1 - -11)).
-3
-7 - (6 + 0 + -2 + -10)
-1
What is the value of (3 + -5 - 8) + (4 - 0)?
-6
What is the value of (-1 - -7) + (-4 - 2)?
0
Calculate -5 - 0 - (0 + -10).
5
Evaluate -2 - (-8 - 2) - 9.
-1
Calculate -3 - (-2 + 9 + -4 - 1).
-5
2 + -5 - (7 - 6 - 4)
0
Calculate (-1 - -2) + 3 - 5.
-1
What is -4 - -3 - -4 - (0 - 2)?
5
What is 0 + (6 - -2) + -5?
3
What is (-8 - (-11 + 1)) + -10 + 3?
-5
Calculate (7 - -1 - (11 - 7)) + -3.
1
Calculate (4 - (2 - -3)) + 4.
3
Calculate -1 - ((-4 - (2 + -3)) + -1).
3
Evaluate -5 + 8 + -10 + 10.
3
What is (0 - (0 - 1)) + (2 - 1)?
2
What is (2 - -3) + -1 + 0?
4
(3 - 2) + -3 + 1
-1
Calculate 7 + -10 - (-1 - 3) - 0.
1
Calculate -3 - (-19 - -9) - 9.
-2
5 + 3 + (-1 - (3 - 3))
7
-4 - -3 - (-2 - 2)
3
Evaluate -1 + -7 + 12 + (1 - 1).
4
Evaluate (4 - -2) + -47 + 44.
3
What is 2 + (-3 + -2 - (-4 + -4))?
5
What is the value of -3 + (-4 - (-2 - -7 - 9))?
-3
Evaluate 11 + -17 + 7 + 2.
3
Evaluate (6 - 6) + (-2 - -4).
2
What is the value of 0 + (4 - 12 - -3)?
-5
Evaluate (4 - 14 - -8) + 1 + 2.
1
What is the value of -5 + 6 - (-3 + -11 - -7)?
8
Calculate -13 + (-14 - -30) + 0 + 0.
3
(2 - (-2 - -3)) + 3 - 2
2
Evaluate 0 + 7 + (-4 - -1) + -5.
-1
Calculate 4 + (-5 + -3 + 6 - -1).
3
What is 1 - (2 - -3) - -2?
-2
What is (-3 - 0) + 0 - -6?
3
What is 1 + 1 + (-3 - -1) + 2?
2
Calculate -5 - (7 - 11) - 2.
-3
What is (-1 - -8) + -5 - 1?
1
Evaluate 4 + (1 + 2 - 3).
4
Evaluate (22 + -16 + 8 - 5) + -13.
-4
What is -1 - 0 - 0 - (-11 - -10)?
0
(9 + -4 - (1 - -8)) + 3
-1
What is 6 + -12 + (-2 - -6) + -4?
-6
Calculate -5 - (3 + -6 - 7).
5
What is the value of (-3 - -5) + -1 - 0?
1
Evaluate -2 - (-4 + 6) - 1.
-5
What is (5 - 3 - -1) + -1?
2
2 - 5 - (-12 - -13)
-4
What is 0 + (-1 - 0) - (-4 - -2)?
1
What is (9 - 3) + 0 + -2?
4
What is 7 + (4 - (-8 + 2 - -12))?
5
Evaluate 4 - (-7 + 10) - 12.
-11
Evaluate (-1 - -1) + -5 - (6 - 12).
1
What is -23 + 28 - (-2 - -2)?
5
What is the value of 2 + (3 - (-2 + 5 - 1))?
3
What is the value of -7 + (5 - (-3 - -5))?
-4
Calculate 9 + (-5 + -4 - -6).
6
What is the value of 2 - (1 + (11 - (-6 + 13)))?
-3
What is -22 + 20 + (1 - 2 - 1)?
-4
What is -6 - (3 + (-11 - -1))?
1
What is the value of 0 + (4 - 11 - -2)?
-5
What is the value of (3 - 10) + 3 - 0?
-4
What is (3 - -1 - 1) + -5?
-2
What is the value of 3 + -1 + (-2 - 3)?
-3
Evaluate 2 - (3 + -2 + 2) - 2.
-3
(-6 - -5 - -7) + -15 + 1
-8
-7 + 0 + (7 - 5)
-5
(-7 - (-1 - 10)) + -9
-5
(-3 - 3) + -1 + -2
-9
Calculate -2 - (-5 + 21 + -9).
-9
-2 + -3 + 8 + -4 + -3
-4
Evaluate -2 + -1 - (0 + -7 + 5).
-1
Calculate -24 + 17 + 6 + 1.
0
Calculate -9 - ((-7 - -10) + -1) - -5.
-6
What is -3 + 6 + 0 + 0?
3
What is (6 - (0 + 2)) + -8?
-4
15 + -19 + (1 - -7)
4
What is (2 + -6 - -4) + 1?
1
What is (4 - 11) + 5 + 3?
1
What is the value of 5 - (-1 + 2 + 2) - -3?
5
What is the value of 8 + 2 + 53 + -63?
0
Calculate 0 + 15 + 0 + -16.
-1
What is the value of -2 + 4 + 53 + -61?
-6
Evaluate 3 + 0 - (12 - (7 + -4)).
-6
What is -11 + (-4 - (3 - 11)) + 2?
-5
Calculate 5 + 3 + -5 + (-9 - -2).
-4
What is the value of -5 - (15 - 19 - (4 - 0))?
3
What is -1 + 2 + 11 + -12?
0
Evaluate -1 + (52 - 57) + (0 - -5).
-1
What is 0 + -8 + 11 + -7?
-4
Evaluate (35 - (8 - -3)) + -13.
11
Calculate 3 + (3 - (-4 + 12)).
-2
What is 7 + 3 + -3 + (-14 - -12)?
5
Evaluate (-2 - 10) + (0 - (-11 - -5)).
-6
Calculate 5 + -9 - (-1 - -2).
-5
18 + -33 + 10 + -1
-6
What is -1 + -1 + -1 + (2 - 3)?
-4
Calculate -7 + 7 + 0 - 4.
-4
What is 3 + (-4 - 0) + -2 + -3?
-6
(4 - -2 - 9) + 8
5
Calculate -3 + -2 + 6 + (0 - -1).
2
What is the value of 15 - ((-7 - 4) + 17)?
9
Evaluate (0 - 2) + (10 - 4) - 13.
-9
Evaluate -14 - -8 - (-5 - -1).
-2
Evaluate 8 - (2 + (-7 - -21)).
-8
Evaluate 4 - (1 - -4) - 4.
-5
What is -1 + -3 + 1 + 2 + 0?
-1
What is the value of -12 + -3 - -10 - (-6 + 1)?
0
What is 3 + 1 + -4 - (1 + 2)?
-3
Evaluate (-5 - -1) + -2 + -2 + 4.
-4
Calculate 1 - ((-3 - 1 - -3) + 0).
2
What is 0 - (1 + -12 - -8)?
3
Evaluate -1 + -2 + 5 + 0.
2
What is 1 + 2 - (-3 + 7)?
-1
What is -2 + -5 + (0 - 3) + 4?
-6
(-1 - 15) + (114 - 106)
-8
-6 - (1 - 5) - 2
-4
What is -1 - (2 - 0 - (2 + -1))?
-2
What is (1 - -1) + (-3 - -9) + -7?
1
What is the value of 6 - (2 - -4) - 0?
0
What is 13 + -11 - (3 + -8)?
7
What is 39 - 44 - (-1 - 12 - -2)?
6
What is the value of -8 + (-7 - -10) + 4?
-1
What is the value of 5 + (-12 - (9 - 16))?
0
Evaluate 2 + 6 + (-17 - -9).
0
What is the value of 3 + 3 - 5 - 2?
-1
What is the value of 0 - 3 - (1 + -7)?
3
Calculate -15 - (-4 + -13 + 2).
0
What is -5 + 2 - (-12 - -12)?
-3
What is the value of -3 + 4 + 0 - 0?
1
Evaluate 1 - 2 - (-15 - -11).
3
Calculate 3 + (2 - 3 - 7).
-5
Evaluate 0 + -3 + 0 + 0 + -1.
-4
Calculate -4 + -2 + 7 + (-1 - -3).
3
Calculate -5 + (2 - (-15 + 8